4*k**3 + 6*k**2 - 2*k + 5. Let o(i) = -5*i**3 - 7*i**2 + 2*i - 6. Let c(s) = -3*o(s) - 4*u(s). Suppose 7*d = 10*d + 12. Calculate c(d).
6
Let b(t) = t**2. Suppose -12 = 3*v + 3*j, -j - 9 + 1 = 5*v. Let x be 3/(7 + v)*-2. What is b(x)?
1
Let w(q) = q - 2*q**2 + 3 + 3*q + q**2 - q. Determine w(-2).
-7
Let a be (-2*(-4)/2)/(-1). Let c(u) be the first derivative of u**4/12 + 5*u**2/2 + 1. Let m(v) be the second derivative of c(v). Calculate m(a).
-8
Let y(d) be the third derivative of -1/12*d**4 - 1/6*d**3 + 2*d**2 + 0*d + 0 - 3/20*d**5. Determine y(-1).
-8
Let i(k) = -k + 2. Let h(t) be the first derivative of t**3/3 + t + 3. Let g be h(2). What is i(g)?
-3
Let j(q) = 1 + 6*q**2 - 1. Suppose 0 = y - 2 + 3, -7 = -5*s - 3*y. Let w(o) = -o**2 + o + 1. Let k be w(s). Calculate j(k).
6
Let k(p) = -3 + 2*p - p - 3*p + 1. Calculate k(2).
-6
Let j = 1185 + -142199/120. Let n(o) be the third derivative of 1/10*o**5 + 0 + o**3 - 2*o**2 - j*o**6 - 5/24*o**4 + 0*o. Give n(5).
6
Let o(i) = 2*i + 3*i - 6*i. Suppose j - 5*j - 20 = 0. Give o(j).
5
Let j(v) = -2 - v + 2*v**2 - 5*v + 55*v**3 - 5*v**2 - 54*v**3. Give j(5).
18
Suppose -6 = -l - 0. Suppose l*d = 9*d - 15. Let r(c) = -c**2 + 5*c + 3. Determine r(d).
3
Let k(b) = b - 6. Let m = -28 + 22. What is k(m)?
-12
Suppose 0 = -f - 0 + 3. Let s(g) = -3 + f - 1 + 2*g. Let p = -17 - -20. Determine s(p).
5
Let w(r) = -r - 1. Let x = 105 - 105. Give w(x).
-1
Let z(v) = -v**2 + 4*v + 14. Let d be z(7). Let i(j) = j + 12. Calculate i(d).
5
Let l(u) be the first derivative of u**4 - 2*u**3/3 - u**2/2 - 11. Determine l(-1).
-5
Let w(r) = r**3 + 7*r**2 + 7*r + 7. Let a be w(-6). Let x(c) = 6*c. What is x(a)?
6
Suppose -3 = -w - 7. Let c(b) = -3*b + 76*b**3 + 2*b**2 - 75*b**3 + 2*b**2 - 3. Determine c(w).
9
Let o be (-12 - -9) + 4 + 1. Let m(d) = -3*d - d**2 - 2 + 1 + 2. What is m(o)?
-9
Let n be 40/(-2)*(-4)/10. Let s(t) = t**2 - 8*t - 3. What is s(n)?
-3
Let j(c) = -c**3 + 3*c**2 - 3*c + 3. Let i(s) be the second derivative of -s**3/6 - s**2/2 + 2*s. Let p be i(0). Let h be p/(-4) + (-21)/(-12). What is j(h)?
1
Let x(p) = 20*p**2 - 6 - 40*p**2 + p**3 - 2 + 9*p + 9*p**2. What is x(10)?
-18
Suppose 5*f - 5 - 10 = 0. Suppose -f*o + 5 = 20. Let h(k) = k**2 + 4*k - 7. Let r be h(o). Let j(v) = v**3 + 2*v**2 - v - 1. Determine j(r).
1
Suppose 0 = y + d + 3, -6*d + 1 = y - d. Let l(k) = k**2 + 3*k - 2. Calculate l(y).
2
Let c be (70/(-3))/((-5)/(-15)). Let o be c/(-25) + (-2)/(-10). Let u(r) = -r**3 + 3*r**2 + 2 + 2*r - 4 + 0*r**3. Calculate u(o).
4
Let h(q) = -q**2 + 5*q + 8. Let p be h(6). Let d be (-15)/(-5)*(p - 1). Let j(o) = o**d + 0*o**3 + o - 1 - 3*o**2 + 0*o**3 + o. Give j(2).
-1
Let d = 28 + -25. Suppose -d*u + u = -4. Let r(a) = -3*a. Give r(u).
-6
Let j be 1/4*6*4. Let w(x) = x**2 - 4*x - 2. Determine w(j).
10
Let c(s) = -4 + 7 + 1 + 4*s + s. Let z be (-3)/(-4) + (-45)/12. Calculate c(z).
-11
Let q(i) = -i**2 - 5*i + 6. Suppose 0 = 9*h - 10*h + 2. Let g = h + -7. Determine q(g).
6
Let q(a) = a**2 + 0*a + 9*a**2 - a. Let v(r) = r**2 - 6*r. Let p be v(6). Let c be 1 + 3/(-12)*p. Determine q(c).
9
Let z(g) be the second derivative of -g**5/60 - g**4/8 + g**3/3 + g. Let r(j) be the second derivative of z(j). Let y = -4 - -1. Give r(y).
3
Let z(v) be the first derivative of 3*v**4/4 - v**3/3 + v**2 - v + 2. Let c be z(1). Let y(u) = -u - 1. Determine y(c).
-4
Let v(k) = -2*k - 12*k**3 - 8 + 18*k**3 + 7*k**2 - 5*k**3. Give v(-7).
6
Let t(v) = -2*v**3 - 2*v**2 + 3*v + 2. Let m = 0 + 0. Suppose 0 = 3*x + 12, x - 4*x = -5*r + 12. Suppose m = 2*j - 2 - r, -5*j + 3 = n. Give t(n).
4
Let i = 1 + -4. Let z(b) be the second derivative of b**5/20 + b**4/4 - b**2 + b. Give z(i).
-2
Let r(w) be the third derivative of -1/60*w**5 + 0 - 3*w**2 - 1/6*w**4 + 0*w + 1/6*w**3. Give r(-3).
4
Suppose -10 = 5*c + 14*x - 16*x, -5*c - 4*x + 20 = 0. Let l(v) = -5 + 2 + 1 + v. Determine l(c).
-2
Let w(i) = 7*i**3 + 8*i**2 - 8. Let f(z) = 15*z**3 + 16*z**2 - z - 16. Let g(y) = -6*f(y) + 13*w(y). What is g(-7)?
-1
Let y(q) = -3*q. Suppose -3*c + 11 = 5. Give y(c).
-6
Let r(j) be the first derivative of j**3/3 + j**2/2 - 5*j - 4. Determine r(-5).
15
Let s(o) = -o**2 - 5*o + 1. Let g be s(-5). Let t(w) be the third derivative of 1/24*w**4 - 1/6*w**3 + 0*w + 0 + 1/10*w**5 + 5*w**2. What is t(g)?
6
Let j(a) = 5*a**2 - 2*a + 1. Suppose 8 = -3*o + 38. Suppose -3*l = 2*m - 2 - 3, 5*l + 5*m - o = 0. Determine j(l).
4
Let a(h) be the first derivative of 4 + 2*h**2 - 3*h - 2 - 1 - 3. Calculate a(2).
5
Let x be (-4)/(-10) + 18/30. Let w(y) = 6*y - 1. Calculate w(x).
5
Let z(m) = -m**3 - 3*m**2 + 3*m - 3. Let k = -1 + 2. Suppose -5 = b - k. Determine z(b).
1
Suppose -3*f - 16 = -5*i - 5, 4*f + 8 = 0. Let m(h) = 3*h**3 + 0 + 1 + 10*h**3 - 2*h**2. What is m(i)?
12
Let p(o) = -2*o + 6. Let f be (-33)/(-9) + 4/12. Determine p(f).
-2
Let n(h) = h**2 + h + 1. Let f(l) = -l**2 + l + 1. Let a be f(0). Let j(p) = 4*p**3 + 6*p**2 + 8*p + 5. Let m(k) = a*j(k) - 6*n(k). What is m(1)?
5
Let q(b) = -b - 6. Let l(f) = f**2 + 8*f + 8. Let o be l(-8). Let i(t) = -o*t - 5*t**2 + 6*t**2 - 2*t. Let z be i(10). What is q(z)?
-6
Suppose m - 8 + 3 = -4*d, 0 = 5*m + 4*d - 25. Suppose -6*v + 1 = -m*v. Let n(l) be the third derivative of -l**4/6 - l**3/6 + 2*l**2. Calculate n(v).
-5
Let j(i) = -4 - 3 + i + 0. Let s(v) = -2*v**2 + 16*v - 10. Let y be s(7). Let x(a) = a**3 - 4*a**2 + a - 1. Let n be x(y). What is j(n)?
-4
Let k(i) be the third derivative of i**6/120 - i**5/15 - i**4/12 - i**3/2 + 10*i**2. What is k(5)?
12
Suppose 5*p - 6*p = 0. Suppose 5*s + 8 - 3 = p. Let r(a) = -6*a**2 - a. Determine r(s).
-5
Suppose 27 - 3 = 6*z. Let b(s) = -s**3 + 3*s**2 + 3*s - 2. What is b(z)?
-6
Let v = 14 - 11. Let y = -7 + v. Let x(q) = -q**2 - 5*q - 4. What is x(y)?
0
Let w be 15/(-10) + (-6)/(-4). Let m(l) be the first derivative of -1/2*l**2 + 4*l + 1/3*l**3 - 1/4*l**4 - 1. Calculate m(w).
4
Let u(r) = -206*r - 6*r**3 + 1 + 7*r**3 + 210*r + 6*r**2. Let n(y) = y**2 + 8*y + 7. Let o be n(-6). What is u(o)?
6
Let s(g) = 3*g - 1. Let n be s(1). Let c(w) = -3 - n*w - w + 0. What is c(-3)?
6
Let s(x) be the second derivative of -x**6/720 + x**5/40 - x**4/6 + 2*x. Let v(z) be the third derivative of s(z). Give v(-5).
8
Let h be 2/(-2 - (-27)/12). Let i = -12 + h. Let j(n) = 2*n - 2. Give j(i).
-10
Suppose 3*f = 3*x + 9, -47 = -5*f + 5*x - 8*x. Let a(h) = -h. Give a(f).
-7
Let o = 10 - 15. Suppose -q = -5*x + 15, 6*x - 2*x - 2*q = 12. Let g(l) = -2*l**3 + 4 - 4*l - l**2 + l**x - 5*l**2. Give g(o).
-1
Let q(g) = -g + 4 + 2*g**2 - 3 - 2. Give q(-1).
2
Let f(j) = -3*j**3 + 7*j**2 - 5*j + 3. Let a(r) = -4*r**3 + 8*r**2 - 6*r + 4. Let z(l) = 2*a(l) - 3*f(l). Calculate z(3).
-10
Let c(x) = -x - 5. Let m(i) = i**2 + 12*i + 12. Let a be m(-9). Let r be (a/(-9))/(2/(-6)). What is c(r)?
0
Let m(r) be the second derivative of -r**6/180 - r**5/40 - r**4/12 - r**3/6 - 4*r. Let d(n) be the second derivative of m(n). Give d(-2).
-4
Let n(w) = w**2 + 3*w + 3. Let k(s) = s**2 + 3*s + 3. Let p(z) = 5*k(z) - 4*n(z). Let l be p(-2). Let d(a) = 4*a**3 - 2*a + 1. Calculate d(l).
3
Let r(b) = 2*b + 1. Let s be r(-2). Let z(j) = 17*j - 1 - 3*j - 15*j. Give z(s).
2
Suppose 3*p = -p + 8. Let j(v) = p*v**3 - 1 - v**2 + 5*v**2 - v**3 + 2*v. Suppose -5*a - 15 + 0 = 0. Determine j(a).
2
Let f = 6 + -2. Let b = f - 0. Let k(h) be the first derivative of -h**4/4 + 4*h**3/3 + h**2 + h + 1. What is k(b)?
9
Let s(n) = n. Let z(u) = -u**2 - 8*u - 14. Let f be z(-4). What is s(f)?
2
Suppose o - 15 = -4*o. Suppose 0 = 4*h - 4*m - 16, o*h = 2*m + 3*m + 22. Let j(u) = u + 10*u**2 - 5*u**2 + 2*u**2 + 1. Give j(h).
7
Let q(s) be the third derivative of -1/8*s**4 - 6*s**2 - 7/6*s**3 + 0 + 0*s. What is q(-5)?
8
Let b(x) = 3*x - 2. Let l(p) = 3*p - 2. Let o(h) = 5*b(h) - 4*l(h). Give o(3).
7
Let v(z) = z**2 - z + 3. Suppose -3*g = -3*g - g. Calculate v(g).
3
Let x = 9 - 14. Suppose -3*t - 4*o + 18 = 0, -t - 10 = -o - 3*o. Let j(z) = -z**2 + 2*z**2 - t*z - 6 + 6*z. Determine j(x).
-1
Let f(q) = -56 - q**3 + 60 - 2*q**2 + 9*q**2. Give f(7).
4
Let s = -7 - -11. Let b(c) = 2*c - 6. What is b(s)?
2
Suppose 3 + 2 = 5*b. Let a be -1 + b - -1*2. Suppose 5*s = 4*r + 7, a*r = -s - r + 9. Let f(y) = y**3 - 2*y**2 - 3*y + 1. Determine f(s).
1
Let k(j